valuate 1 + 2 + -3 - (-7 - -11).
-4
What is 5 + -5 - (9 + 1 + -5)?
-5
What is the value of 0 - (1 - -1) - (150 + -151)?
-1
What is (16 - 3) + -6 - 3?
4
Evaluate 5 + 0 - (7 + -8 + 1).
5
What is (21 + -6 - 11) + -8?
-4
4 - (0 + 1 - (-6 + 2))
-1
What is the value of 1 - (4 - (2 + (3 - 2)))?
0
What is the value of 0 + -4 - (-12 + (5 - -3))?
0
Calculate 8 + -3 - (-4 - -6).
3
What is 11 - (3 + -13 + 10)?
11
What is 2 + (2 - (-5 - -5)) + 0?
4
Evaluate -1 - -5 - (-2 - (9 - 17)).
-2
Evaluate 7 + (-5 - -6 - (-2 + 3)).
7
Evaluate -4 + (-2 - 2 - (-2 + -4)).
-2
-3 + -1 + 13 + -7
2
Evaluate 1 - (-9 + 5 - -5).
0
What is (2 - -3) + -146 + 147?
6
Evaluate 4 + (-6 - -5) + 0.
3
Calculate 0 + (12 - 7) + 1 + -13.
-7
Evaluate -3 - (2 + 1 + -1).
-5
What is -8 + (-6 - (-6 - -5 - 6))?
-7
Calculate -12 - (11 + (-13 - 14)).
4
Calculate -2 + (1 - -9 - (0 + 4)).
4
What is the value of (-7 + 4 - -9) + -1 + -6?
-1
-3 + 7 + -3 + 7
8
-23 - (15 + -32) - (-2 + 1)
-5
6 + -6 + (2 - -2)
4
Evaluate -1 + (0 - 1) + 1 + -4.
-5
What is the value of 8 + -3 + -2 - 1?
2
(-2 - -8) + (-5 - -8)
9
What is the value of (-1 - -2) + 4 - (3 - 1)?
3
Calculate 38 + -41 + (12 - 4).
5
What is -2 + (-4 - -2) + 10?
6
1 - -1 - ((0 - -1) + 2)
-1
What is the value of (-5 - (-6 - -5)) + 3?
-1
14 + -14 + (-1 - -2)
1
What is the value of 0 - ((1 - -1 - -1) + -5)?
2
Evaluate 2 + 0 + -8 + (12 - 3).
3
What is the value of 0 + 0 + 4 + 1?
5
What is 0 + 7 + (11 + -33 - -21)?
6
What is 6 + -12 + 0 + 4?
-2
What is the value of -2 + -4 + 9 - 12?
-9
What is 0 + 2 - (-6 + 7)?
1
Calculate -3 - (7 + -5) - (-6 + 5).
-4
What is -9 + (-6 - -11) + -5 + 1?
-8
What is -3 - (1 - (-5 + 9))?
0
(26 - 25) + (-2 + 1 - 2)
-2
Evaluate 4 - -5 - (3 - -2).
4
What is the value of 6 + (2 - 4) - (3 - 1)?
2
What is 4 + (0 - 5) + 3?
2
Evaluate 3 + (2 - 1) + (16 - 19).
1
What is the value of (9 - -3) + -4 - 14?
-6
-4 - (-1 - 9) - (4 - -1)
1
-2 - (5 - 5) - 3
-5
What is the value of 5 - (9 - (-1 + 10))?
5
9 + -12 - (-9 - (-4 + 3))
5
Calculate 3 - 4 - 4 - -1.
-4
What is 0 - -1 - (-10 + 3)?
8
What is the value of -106 - -107 - (6 - 0)?
-5
-10 - ((0 + 0 - 7) + 5)
-8
What is -93 + 81 + (3 - 2 - -4)?
-7
Evaluate 3 - (1 + -1) - 4.
-1
Evaluate (-7 - (4 + -7)) + 2.
-2
8 - ((-6 - 1) + 11)
4
What is the value of (3 - 8) + 5 - 3?
-3
What is the value of -10 - (-6 - (5 + -6 + -1))?
-6
Calculate 2 - (0 - -1 - (7 - 3)).
5
(-7 - (-3 - 0)) + 4
0
Calculate 6 + (-3 - (-4 + 3 - -1)).
3
-20 + 17 + -2 + -1
-6
What is the value of -4 + 8 + -2 + (-1 - -2)?
3
What is the value of -1 + 4 + (-3 - -2)?
2
4 - (-1 - -1) - (35 - 37)
6
What is -7 + (10 - 11) + 7?
-1
Calculate 0 - (-1 - (-2 - -1)).
0
0 + (3 - 3) - (0 + -1)
1
Calculate (2 - 3) + 1 - (1 - 1).
0
What is the value of 1 - (3 - 2) - -1?
1
What is the value of -8 - (7 + -12 + 3)?
-6
-5 - (-4 + -17 + 2 - -8)
6
What is (-12 - -11) + (-3 - 1)?
-5
Evaluate (3 - -2) + 75 + -84.
-4
Calculate -8 + 0 + 4 - -8.
4
Calculate 5 + -5 + 0 - (-3 - 0).
3
Evaluate 9 - (15 + (2 - 11)).
3
What is the value of -3 - ((-8 - -9) + -7)?
3
Evaluate -2 - ((0 - -5) + -5).
-2
Evaluate (1 - (-1 - (1 - 8))) + 5.
0
Calculate -6 + (-8 - (-3 + -14)).
3
3 - (0 + (0 - -4) + -3)
2
3 + (-7 + 8 - 9)
-5
What is the value of (2 - (4 - 4)) + -2?
0
(5 - 9) + (6 - (0 - -3))
-1
What is the value of (2 - 0) + 19 + -19?
2
What is the value of 16 + -12 - (1 - -5)?
-2
(-1 - -6) + 0 - (2 + -1)
4
Evaluate -21 - -20 - (0 - -4).
-5
Calculate -11 - (1 - 1 - (-16 + 20)).
-7
What is the value of 15 - (-5 + 0 - (11 + -21))?
10
What is the value of 0 + (-5 + 0 - (-14 + 15))?
-6
Evaluate 1 + -3 - 8 - (6 + -11).
-5
-2 + (15 - 2) - (33 + -27)
5
Evaluate 1 + 2 + -2 + (-9 - -4).
-4
What is -136 + 140 - (2 - (-11 + 2))?
-7
(-3 + 2 - -5) + (8 - 9)
3
What is the value of -7 + (5 - 2) + (-3 - -6)?
-1
Calculate -1 + 3 + (0 - 2).
0
Calculate 4 - -2 - (-1 - (5 + -9)).
3
Calculate 1 - -3 - (1 + -1).
4
Evaluate (0 - 5 - -12) + -12.
-5
Evaluate (2 - 0) + (-2 + 1 - -2).
3
-4 - (-4 + -3 + 0)
3
Calculate 3 + 0 + (-5 - (4 - 9)).
3
What is -4 + -2 + (2 - 1) - -7?
2
What is -4 + 4 + -6 - -5?
-1
What is the value of -1 - (-2 - 5 - (3 + -6))?
3
Calculate -8 - (0 - (9 - 4)).
-3
What is the value of -6 + -8 + 7 + 11?
4
Evaluate -7 + 7 - (-7 + (-1 - -3)).
5
7 - (-10 + 6 + 6)
5
What is -2 - (3 + -6) - -2 - 4?
-1
What is the value of 11 + (14 - (27 + -1))?
-1
(3 - 1) + 4 + (1 - 8)
-1
Calculate (10 - 2 - 19 - -5) + 3.
-3
What is the value of 4 + (-6 - ((-1 - 1) + 1))?
-1
-6 - 1 - (10 - (14 + -3))
-6
Calculate (62 - 56) + (0 - 9).
-3
4 + (7 - 13) - (1 - -2)
-5
What is the value of (-1 - 2) + -1 - -3?
-1
3 - (0 + -2 - (12 - 16))
1
What is -3 + -6 + 5 - -4?
0
What is (3 - 8) + 9 + -6 + -2?
-4
Calculate 5 + (-12 + 3 - -4).
0
What is the value of 1 + 3 + (7 - 16) - -4?
-1
0 - (-2 + -4 - (-8 + 11))
9
-5 + -7 + 2 + -11 + 19
-2
What is 7 + -1 - (19 - 13)?
0
Evaluate (-2 - -6 - 4 - -4) + -5.
-1
-11 - (-12 - -2) - (-2 - 0)
1
1 + 2 + -3 - (-8 - -3)
5
-1 - -12 - 0 - 1
10
(5 - (1 - 2)) + -5
1
Evaluate -1 + 7 + -11 + 0.
-5
Calculate (-21 - -18) + (-1 - -9).
5
What is 13 - 4 - 8 - (6 + 0)?
-5
What is the value of -2 - -8 - (5 + -2)?
3
Calculate (12 - (26 + -14)) + 9.
9
What is the value of -3 - (-2 - -5 - 10)?
4
Evaluate 1 + 6 + 3 + (-4 - -3).
9
Evaluate 2 - 1 - 8 - -3.
-4
What is the value of -5 + (-11 - -20 - 9)?
-5
-2 - (-8 + 8 + -4 + 2)
0
Evaluate -2 + 0 + (13 - 8).
3
What is the value of -9 + 2 - (-48 - -44)?
-3
(13 - -3) + (14 - 22)
8
What is the value of 2 - (2 + (2 - 1) + 0)?
-1
What is 6 + (2 - 1) + -10?
-3
What is the value of -7 - (-4 + 3 + -6)?
0
Calculate -3 - (-5 - -4) - -7.
5
Evaluate (1 + 5 - 3 - 0) + -3.
0
What is 10 + -2 + (-1 - 4)?
3
Evaluate -4 - (0 + -8 + 4).
0
0 + (2 - (-1 - -11 - 6))
-2
What is (-4 - -4 - (3 + 0)) + 3?
0
Calculate -3 - (-1 + -2 + 1 - -3).
-4
What is the value of -1 + -6 + 2 + 4 + 0?
-1
Evaluate -1 + (-8 + 6 - 1).
-4
What is the value of -1 - -2 - 0 - (-1 - 1)?
3
What is the value of 8 + -6 + (2 - 4)?
0
Evaluate -1 - (-1 + 3) - (-17 + 19).
-5
131 + -144 + -1 + 18
4
-6 + -5 + 2 - (-11 + 5)
-3
What is the value of 0 + (1 - 0 - (2 + -4))?
3
What is (26 - 12) + (-5 - 5)?
4
Evaluate 4 - (2 - (4 + -5 + 2)).
3
What is -4 - (-4 + (-4 - -9))?
-5
What is 6 - (7 - (3 - -2))?
4
Evaluate 84 + -76 - (-2 - 1).
11
Calculate -8 + -1 + 1 + (-38 - -44).
-2
What is the value of (18 - 18) + 9 + -1 + -1?
7
(-6 - 0) + 1 + (-42 - -44)
-3
Evaluate -3 + 5 + -2 + -4.
-4
What is 8 - (-3 + 13 + -1)?
-1
Calculate -6 + 1 + -13 - -10.
-8
-1 - 1 - (4 - (5 + -4))
-5
5 - (13 + -6 - 6)
4
What is the value of 5 + -2 + (-21 - -19)?
1
Calculate -7 - (-18 + 5 + 8).
-2
What is the value of 1 + (-2 - (-1 - (-1 - 0)))?
-1
Evaluate 3 + -4 - 0 - -3.
2
Calculate 1 + 0 + 4 + -3.
2
(7 - (2 + 7)) + -1
-3
What is the value of (7 - 4) + (-19 - -10)?
-6
Calculate (-1 - -7) + (-2 - 2).
2
What is -25 - -40 - (24 + -2)?
-7
What is the value of (-4 - -4) + 0 + -3 + -1?
-4
1 + (2 - -7 - 6)
4
Calculate (-3 - -6) + 1 + -1.
3
Evaluate -2 - (-3 + 8 - 2 - 1).
-4
Calculate -5 + 0 - (0 + -10).
5
Evaluate 1 + (0 - (0 + 3)).
-2
What is (6 - 0) + (-5 - 6 - -4)?
-1
Evaluate 3 - (-5 + -2 + 8).
2
1 + (10 - (5 + -3))
9
What is (1 - -5) + (5 - 4)?
7
Evaluate 10 - (18 - 0) - -9.
1
What is the value of -2 + 3 + (-7 - -4) - 2?
-4
Evaluate 0 + -1 + -7 + 12.
4
(2 - -1) + (-1 - -4) + -5
1
6 + -5 + (-1 + 7 - -1)
8
Calculate (4 - 0) + -9 - -1.
-4
Calculate (9 - 6) + -5 - (-9 + -3).
10
Calculate -3 + (5 - 1) + (-2 - -6).
5
Calculate 0 + (2 - 2) + 2 - -2.
4
Calculate 2 + -1 + -5 + 7 - -2.
5
Evaluate 11 + -6 + -1 + -20 + 6.
-10
What is the value of -3 + -3 + 1 + 8?
3
What is 10 - (-4 + (17 - 8))?
5
What is -8 - (-3 + -4 + -5 + -2)?
6
What is the value of 11 + (-8 + 6 - 8)?
1
Calculate -7 - -1 - (0 + (-4 - -2)).
-4
0 + 0 + -1 - -1
0
1 + 0 + 4 + -3 + 3
5
Evaluate -8 + (6 - -1) - (-2 + 0).
1
-5 + (-6 + -2 - -4)
-9
Evaluate -8 + 9 + 3 - (3 - 1).
2
Calculate 0 - 0 - (-8 + 12) - 1.
-5
3 - (-1 + 2 - (-13 + 10))
-1
What is 17 + -17 + (-1 + 2 - -1)?
2
What is the value of 19 - 25 - (0 + -9)?
3
Calculate 8 + (-3 - -4) + -2 + -4.
3
What is -16 + -2 + 4 + 82 + -75?
-7
0 + -3 - (2 + -6 - -1)
0
Calculate 0 + 4 - (-18 - -16) - 6.
0
Evaluate 4 + -4 + (-1 - -2).
1
What is -11 - -4 - -9 - 3?
-1
What is -2 - (2 - (-5 - -11))?
2
What is 0 + 1 + -5 + (16 - 11)?
1
What is the